culate the remainder when 12438 is divided by 255.
198
What is the remainder when 1202073 is divided by 35?
33
What is the remainder when 1383815 is divided by 134?
131
Calculate the remainder when 170367 is divided by 121.
120
What is the remainder when 11234 is divided by 1381?
186
What is the remainder when 125500 is divided by 77?
67
Calculate the remainder when 8528 is divided by 113.
53
What is the remainder when 32833 is divided by 49?
3
Calculate the remainder when 80611 is divided by 34.
31
Calculate the remainder when 189 is divided by 47.
1
What is the remainder when 15541 is divided by 5170?
31
Calculate the remainder when 1174962 is divided by 406.
404
Calculate the remainder when 15238 is divided by 372.
358
What is the remainder when 8188 is divided by 130?
128
Calculate the remainder when 21942 is divided by 238.
46
What is the remainder when 63530 is divided by 63493?
37
What is the remainder when 11468 is divided by 86?
30
Calculate the remainder when 181293 is divided by 538.
525
Calculate the remainder when 4095 is divided by 585.
0
What is the remainder when 217666 is divided by 204?
202
What is the remainder when 215327 is divided by 1549?
16
Calculate the remainder when 5038 is divided by 156.
46
Calculate the remainder when 38794 is divided by 512.
394
What is the remainder when 320178 is divided by 23?
18
What is the remainder when 247889 is divided by 1589?
5
What is the remainder when 4463 is divided by 1108?
31
Calculate the remainder when 5554 is divided by 370.
4
Calculate the remainder when 18395 is divided by 18276.
119
What is the remainder when 12286 is divided by 1753?
15
Calculate the remainder when 966 is divided by 284.
114
What is the remainder when 302132 is divided by 20?
12
What is the remainder when 7966 is divided by 537?
448
Calculate the remainder when 209399 is divided by 756.
743
Calculate the remainder when 103531 is divided by 10353.
1
What is the remainder when 64426 is divided by 51?
13
What is the remainder when 14202 is divided by 66?
12
Calculate the remainder when 10300 is divided by 1172.
924
What is the remainder when 2502 is divided by 193?
186
Calculate the remainder when 42834 is divided by 153.
147
What is the remainder when 1773 is divided by 479?
336
Calculate the remainder when 623 is divided by 299.
25
What is the remainder when 21271 is divided by 1256?
1175
Calculate the remainder when 291144 is divided by 62.
54
What is the remainder when 5332 is divided by 669?
649
What is the remainder when 6403 is divided by 377?
371
What is the remainder when 2923 is divided by 14?
11
What is the remainder when 3760 is divided by 1023?
691
What is the remainder when 902 is divided by 249?
155
What is the remainder when 7379 is divided by 3584?
211
Calculate the remainder when 917 is divided by 151.
11
Calculate the remainder when 68458 is divided by 67.
51
What is the remainder when 15516 is divided by 2540?
276
What is the remainder when 32930 is divided by 866?
22
What is the remainder when 1629448 is divided by 102?
100
What is the remainder when 5626069 is divided by 296?
293
Calculate the remainder when 675848 is divided by 167.
166
What is the remainder when 520793 is divided by 557?
555
What is the remainder when 1835849 is divided by 66?
59
What is the remainder when 114491 is divided by 262?
259
What is the remainder when 1617 is divided by 9?
6
Calculate the remainder when 73823 is divided by 39.
35
Calculate the remainder when 20136 is divided by 1340.
36
What is the remainder when 3446962 is divided by 133?
1
Calculate the remainder when 24118 is divided by 30.
28
Calculate the remainder when 4071 is divided by 1339.
54
What is the remainder when 132253 is divided by 317?
64
Calculate the remainder when 5043 is divided by 18.
3
What is the remainder when 10926 is divided by 1333?
262
What is the remainder when 318976 is divided by 109?
42
What is the remainder when 27690 is divided by 127?
4
What is the remainder when 742896 is divided by 39?
24
Calculate the remainder when 4732 is divided by 274.
74
Calculate the remainder when 1097454 is divided by 36.
30
What is the remainder when 12240 is divided by 582?
18
What is the remainder when 4151 is divided by 67?
64
Calculate the remainder when 21365 is divided by 787.
116
Calculate the remainder when 32930 is divided by 305.
295
What is the remainder when 68963 is divided by 68945?
18
What is the remainder when 536291 is divided by 3?
2
What is the remainder when 4514 is divided by 393?
191
Calculate the remainder when 11817 is divided by 114.
75
What is the remainder when 497 is divided by 37?
16
What is the remainder when 13069 is divided by 88?
45
What is the remainder when 24103 is divided by 7?
2
What is the remainder when 1689 is divided by 107?
84
What is the remainder when 57 is divided by 29?
28
Calculate the remainder when 1244651 is divided by 106.
105
Calculate the remainder when 23118 is divided by 115.
3
Calculate the remainder when 758 is divided by 97.
79
What is the remainder when 4939 is divided by 308?
11
What is the remainder when 16723 is divided by 1880?
1683
What is the remainder when 19667 is divided by 756?
11
Calculate the remainder when 47718 is divided by 114.
66
Calculate the remainder when 68602 is divided by 6.
4
Calculate the remainder when 90368 is divided by 153.
98
What is the remainder when 5423 is divided by 1759?
146
What is the remainder when 6131 is divided by 236?
231
Calculate the remainder when 186272 is divided by 535.
92
Calculate the remainder when 16061 is divided by 1217.
240
What is the remainder when 33753 is divided by 97?
94
What is the remainder when 171398 is divided by 57128?
14
Calculate the remainder when 28929 is divided by 87.
45
What is the remainder when 105121 is divided by 57?
13
Calculate the remainder when 191059 is divided by 386.
375
What is the remainder when 1229 is divided by 30?
29
Calculate the remainder when 8115 is divided by 121.
8
Calculate the remainder when 34667 is divided by 321.
320
Calculate the remainder when 11107 is divided by 165.
52
Calculate the remainder when 25249 is divided by 178.
151
Calculate the remainder when 3497 is divided by 898.
803
Calculate the remainder when 1798 is divided by 893.
12
What is the remainder when 710 is divided by 321?
68
Calculate the remainder when 576 is divided by 64.
0
Calculate the remainder when 185763 is divided by 480.
3
What is the remainder when 376974 is divided by 183?
177
Calculate the remainder when 43753 is divided by 17.
12
What is the remainder when 12890 is divided by 1113?
647
Calculate the remainder when 576170 is divided by 1081.
1078
What is the remainder when 2197 is divided by 965?
267
What is the remainder when 759 is divided by 582?
177
Calculate the remainder when 2129 is divided by 102.
89
What is the remainder when 26495 is divided by 121?
117
Calculate the remainder when 2797 is divided by 161.
60
Calculate the remainder when 131708 is divided by 296.
284
What is the remainder when 312613 is divided by 490?
483
What is the remainder when 7594 is divided by 447?
442
Calculate the remainder when 673 is divided by 147.
85
Calculate the remainder when 1205 is divided by 397.
14
What is the remainder when 19619 is divided by 58?
15
Calculate the remainder when 5782 is divided by 1151.
27
What is the remainder when 8144 is divided by 120?
104
Calculate the remainder when 3253 is divided by 465.
463
Calculate the remainder when 36899 is divided by 37.
10
Calculate the remainder when 225 is divided by 217.
8
What is the remainder when 190680 is divided by 13617?
42
What is the remainder when 8046 is divided by 8025?
21
Calculate the remainder when 1534633 is divided by 599.
594
What is the remainder when 4622 is divided by 135?
32
What is the remainder when 9457 is divided by 1181?
9
What is the remainder when 1888202 is divided by 55?
52
Calculate the remainder when 28414 is divided by 7.
1
Calculate the remainder when 1953 is divided by 29.
10
Calculate the remainder when 27007 is divided by 1927.
29
Calculate the remainder when 898 is divided by 265.
103
What is the remainder when 366788 is divided by 51?
47
Calculate the remainder when 47140 is divided by 134.
106
What is the remai